e prime factors of g.
3, 5
Let a(g) = 3*g**2 - 63*g - 34. List the prime factors of a(-15).
2, 13, 61
Suppose m - 13 + 4 = -z, 3*z + 2*m - 23 = 0. Suppose -3*o + 150 = 2*o + z*t, -o = 2*t - 25. What are the prime factors of o?
5, 7
What are the prime factors of 2 - 5 - (-1 + -534 + -6)?
2, 269
Let u(z) = 1950*z - 24. List the prime factors of u(1).
2, 3, 107
Suppose -14*u + 10441 = -16509. What are the prime factors of u?
5, 7, 11
Let r(j) = -j**2 + 56*j - 54. What are the prime factors of r(17)?
3, 7, 29
What are the prime factors of 1671*(-1)/(-3)*1?
557
Let t(a) = 3*a**2 - 4*a - 34. Let d be t(-7). Suppose -3*i = 2*x - 71, 0 = 5*i - x - d + 40. List the prime factors of i.
3, 7
Let m be 12/18*(-27)/(-2). Suppose -3*v - p + m = 2*p, 2*p = -3*v + 9. Let z = 11 - v. What are the prime factors of z?
2
Suppose f - 10 = -4*f - 5*a, -2*f - 3*a = -2. Suppose -y + 8 = f. Suppose o = -y*o + 280. List the prime factors of o.
2, 7
Let l(b) = 42*b**2 - 6*b + 6. Let v be l(1). What are the prime factors of 208/7 + (-4)/v*-3?
2, 3, 5
Let i(q) = 3*q**2 + 17*q + 84. What are the prime factors of i(-12)?
2, 3, 13
Let i(y) = 2*y**2 + 2*y - 1. Let s be i(-2). Suppose 6 = 3*w - s. Suppose 0 = -5*r + w*o + 68, 3*r + o = 2*o + 44. List the prime factors of r.
2
Let p(g) = g**3 + 35*g**2 - 55*g - 81. What are the prime factors of p(-36)?
3, 67
Suppose 0*d + d = 3*o + 10, 3*o - 3*d + 18 = 0. List the prime factors of o/(-7) + (-2110)/(-14).
151
Let u(z) = 958*z - 6. Let q be u(1). Suppose -6*y = -2*y - q. List the prime factors of y.
2, 7, 17
Suppose 0*t - 4*t = -2*d + 16, -2*t = d. Suppose 4 = -d*l, 3*l + 0*l - 5 = -4*s. List the prime factors of s.
2
Suppose -2*o + 4*x + 104 = 0, -4*o + 4*x + 71 = -153. Let n = 66 - 60. Suppose 10*m - o = n*m. What are the prime factors of m?
3, 5
Let c = 4627 + -3241. List the prime factors of c.
2, 3, 7, 11
Suppose 4*b - x = 4*x + 35, 0 = -3*b + x + 18. Suppose 4*j - 322 = 2*i, 0 = 4*j + 3*i - 6*i - 321. Suppose j = b*r - 2*r. What are the prime factors of r?
3
Let v = 1083 - 281. What are the prime factors of v?
2, 401
Suppose 261*x - 978 = 258*x. List the prime factors of x.
2, 163
Suppose 2*q - 4*k + 6*k - 672 = 0, -652 = -2*q + 3*k. List the prime factors of q.
2, 83
Suppose 0 = 3*r + 5*k - 54, 0 = 3*r - 0*k - 3*k - 54. Suppose r*b - 3510 = -954. What are the prime factors of b?
2, 71
Let v = 6732 - 4460. What are the prime factors of v?
2, 71
Let f(y) = -y**2 + 16*y - 15. Let g be f(15). Suppose -2*l + 131 + 9 = g. List the prime factors of l.
2, 5, 7
Suppose -6*p - 176 = -2*p. Let g = p - -92. List the prime factors of g.
2, 3
Suppose 0 = -4*v + 126 - 34. Let c = 83 + v. What are the prime factors of c?
2, 53
List the prime factors of -2109*((-100)/(-6))/10*-1.
5, 19, 37
Let g = 8 + -2. Let c be (-9)/6*(-8)/g. Suppose 0 = -c*j + 1 + 15. What are the prime factors of j?
2
Let r = 1598 - 909. What are the prime factors of r?
13, 53
Let n(s) = 12*s**2 - 5*s + 51. What are the prime factors of n(10)?
1201
Suppose -3*s + 21 - 3 = 0. Suppose -s*h = -10*h + 124. What are the prime factors of h?
31
Let f(y) = 2*y + 2*y + y**2 - 9*y + 2 - 8. List the prime factors of f(-6).
2, 3, 5
Let y(t) = -20*t - 63*t - 8*t - 1. Let c be y(-1). Let q = c - 60. List the prime factors of q.
2, 3, 5
Let n(x) = 1228*x**2 - 47*x - 48. List the prime factors of n(-1).
3, 409
Let g(w) = w**2 - 6*w + 3. Let p be g(6). Suppose j = 1 - p. Let s(d) = -2*d**3 + 2*d**2 + 4*d + 3. What are the prime factors of s(j)?
19
Let t = -636 - -694. List the prime factors of t.
2, 29
Let n(s) = s**2 - 8*s - 2. Let h be n(8). Let l(v) = -6*v**3 + 3*v**2 + 4*v + 4. What are the prime factors of l(h)?
2, 7
Suppose -25 = -5*b - 5*n, 0 = 5*b + 4*n - 8 - 14. What are the prime factors of (-3)/(-9)*(145 + b)?
7
Let q(s) = -27*s + 37. Let y be q(7). Let a = 316 + y. What are the prime factors of a?
2, 41
Let l be 5*(126/15)/3. Suppose -2*t - 3*d - 1 = 8, -28 = 5*t + 2*d. Let h = l - t. List the prime factors of h.
2, 5
Let b(o) = o**3 - 9*o**2 + 3*o. Let z(m) = m**2 - 7*m + 2. Let q be z(9). Let j = -11 + q. List the prime factors of b(j).
3
Let h(r) = -2*r**2 + 4*r + 3. Let s be h(4). Let q = s + 18. List the prime factors of q.
5
Let h = -5359 - -8975. What are the prime factors of h?
2, 113
Let t(c) = -c**3 - 3*c**2 - 3*c + 4. Let n = 27 - 32. What are the prime factors of t(n)?
3, 23
Let r(h) = -3*h**2 - 8*h + 33. Let j be r(-14). Let u = -257 - j. List the prime factors of u.
2, 3, 31
Suppose 12 = -3*b, 8 = 3*s + s + b. Suppose -220 = -s*i - 2*i. Suppose 9 = -3*l, m + 0*l = 3*l + i. What are the prime factors of m?
5, 7
Let i = 32 - 23. Suppose 0 = l - 3, 3*a - 4*l = 2*a - i. Suppose -3*q = -b - 4, -2*q - 11 = -a*b + 5. What are the prime factors of b?
2
Suppose 38*w - 152 = 40*w. Let c = w + 147. What are the prime factors of c?
71
Let y = 6 - -10. Let n = 54 - y. What are the prime factors of n?
2, 19
Suppose 6 = -2*r, 3*q - 5*r - 2887 = -817. Suppose 10*y - q = 5*y. Suppose -5*f + y = 3*t, -5*t + 97 = 2*f + 27. List the prime factors of f.
5
Let c(m) = 2*m - 8. Let d be c(6). Suppose d*s - 5*z - 49 = 0, s - 3*z + 1 - 22 = 0. What are the prime factors of (s/(-9))/((-6)/333)?
37
Suppose 3*w - 7*w = -3*o - 54, -w = 2*o - 19. Let x be 12/20 - 189/w. What are the prime factors of 3/(-1 - 21/x)?
2
Suppose -10*t + 1027 + 2313 = 0. Let o = t + -194. What are the prime factors of o?
2, 5, 7
Let j = 45 + -45. Suppose 3*l - n - 196 = j, -2*l - 5*n = -l - 60. List the prime factors of l.
5, 13
Let s(t) = -t**3 - 10*t**2 + 67*t - 28. List the prime factors of s(-17).
2, 107
Let a = -10 + 19. Suppose 3*p - o = a, 0*p + 2*o = -p - 4. What are the prime factors of p?
2
Let w = 5318 - 1845. What are the prime factors of w?
23, 151
Let i(k) = -4*k. Let o be i(-3). Suppose c - o = 21. Suppose 13 = -5*j + 3*f + 66, -j - 5*f + c = 0. What are the prime factors of j?
13
Let p(g) = 8*g + 2*g - 2*g + 2 + 9. What are the prime factors of p(8)?
3, 5
Let x(m) = -4 + 2 - 3*m + 0*m**2 - 7*m**3 - 3*m**2. Suppose -w = -4*t + 7*t + 11, 0 = -5*w - 5*t - 25. What are the prime factors of x(w)?
2, 3
Let v = 744 + -686. List the prime factors of v.
2, 29
Let g(f) = f**2 + 3*f + 4. Let k be g(-3). Suppose -4*q + 268 = k*o, -4*q - q + 5*o = -365. Let a = q + -36. What are the prime factors of a?
2, 17
Let u(v) = 6*v - 4. Let m be u(4). Suppose 2*o + 4*i = 16, -4*o - m = -5*o + 2*i. Let a = -5 + o. List the prime factors of a.
3
Let n be 24*(3 + 7/(-4)). Let z = n + -43. Let u = -4 - z. List the prime factors of u.
3
Suppose 4*k - 5*g + 7*g = 7996, -4*g - 3998 = -2*k. List the prime factors of k.
1999
Let p be (-5745)/(-9) - 6/18. Suppose 0*l - u = 5*l - p, -3*l + u = -378. What are the prime factors of l?
127
Let l(z) = -31*z - 158. List the prime factors of l(-7).
59
What are the prime factors of (-1)/((-6251)/1561 - -4)?
223
Let z(u) = -u**3 - 7*u**2 + 38*u - 24. List the prime factors of z(-12).
2, 3, 5
Let q = -36 - -41. Suppose -165 = -q*v + 3*x, 5*v + 2*x - 125 = -3*x. What are the prime factors of v?
2, 3, 5
Suppose 113 = 14*o - 111. What are the prime factors of o?
2
Let k(h) be the second derivative of h**5/20 + 7*h**4/12 - 3*h**3/2 + 7*h**2/2 + 2*h. Let l be k(-5). Suppose 29*p = 32*p - l. List the prime factors of p.
2, 17
Let d = 112 + -63. Let s be ((-4)/12)/((-2)/12). Suppose -130 = -2*a - 3*j - 32, a = s*j + d. List the prime factors of a.
7
Suppose -2*m = 3*y + 80, -8 = 2*m + 5*y + 72. Let v be ((-48)/m)/(3/(-10)). List the prime factors of v/6 - 728/(-21).
2, 17
Suppose -6*f + 4*f = 0, 3*f = 3*i - 480. Let z = i - 24. What are the prime factors of z?
2, 17
What are the prime factors of 30372/10 + 9/315*-7?
3037
Let o be (0 + -1)/((-13)/(-39)). What are the prime factors of (-2 + o + 0)*-11?
5, 11
Let m(r) = 3*r + 25 + 27 + r**2 - 83 + 21. Let y be ((-6)/6)/((-1)/5). List the prime factors of m(y).
2, 3, 5
What are the prime factors of 834 + (5 - 10) + -4?
3, 5, 11
Let s(r) = -r**3 - 25*r**2 - 28*r - 109. What are the prime factors of s(-25)?
3, 197
Let z = 775 - 678. What are the prime factors of z?
97
Let m(n) = -3*n - 2. Suppose 4*a + 13 + 47 = 0. Let v be 3 + (a - 1) + 2. What are the prime factors of m(v)?
31
Suppose -3*f + 471 = 3*h, 5*f + 318 - 1115 = -2*h. Suppose 38 - f = -